t c be w(0). Let i(v) = 2*v - c*v - 13*v + 2*v. What are the prime factors of i(-2)?
2, 3
Let p be (8/5)/((-18)/(-45)). Suppose -p*r = -0*r + 2*f - 328, -3*r + 5*f = -272. List the prime factors of r.
2, 3, 7
Let s(l) = 84*l + 11. List the prime factors of s(7).
599
Suppose -7*v + 5*v + 8 = 0. Suppose 4*o - o - 259 = -v*q, 2*o = 2*q - 140. What are the prime factors of q?
67
Suppose l = -3*l + 12. Let b be 9/((-9)/10)*l. What are the prime factors of (-3)/15 + (-1776)/b?
59
What are the prime factors of (-7353 + -1)*(6 + 13/(-2))?
3677
Suppose -9*l = -12*l + 42. Let z = l - -128. List the prime factors of z.
2, 71
Let q = 248 + 73. Suppose 3*v + 5*y - 283 = 0, 3*v - 3*y + 30 - q = 0. What are the prime factors of v?
2, 3
Let t(i) = i**3 - 17*i**2 + 18*i - 32. Let f be t(16). Let p = 4 + 36. Suppose -4*o - 8 + p = f. What are the prime factors of o?
2
Let s = -638 + 379. Let h = s + 408. Suppose -y = -5*w + h, -3*w + 2*y = -y - 99. List the prime factors of w.
29
Suppose 4*i - 3*z + 0*z - 1085 = 0, 2*z = 4*i - 1090. Suppose 5*y - 525 = i. List the prime factors of y.
2, 5
Let o be (20 + -25)*(-42)/(-10). Let a = -16 - o. Suppose -9*f = -a*f - 236. What are the prime factors of f?
59
Suppose -2*z - 5 = -z, -25 = -4*p - 3*z. Suppose -2*r = p - 54. Suppose -1 = o - r. List the prime factors of o.
3, 7
Suppose 36 = 3*r - r. Let w = 5 + r. List the prime factors of w.
23
Let a = 54 + -3. Suppose 0 = -q + 125 - a. What are the prime factors of q?
2, 37
Let s = -149 + 16. Let i = s - -212. List the prime factors of i.
79
Suppose -2*x - 3*x = -10. Let p = 33 - 30. Suppose -x*l = -p - 27. What are the prime factors of l?
3, 5
Let q = 360 + 7. What are the prime factors of q?
367
Suppose 0 = -5*k - 4*t + 6290, 4*k = 4*t + 5538 - 506. What are the prime factors of k?
2, 17, 37
Let u be 152/6 + 34/51. What are the prime factors of (-39)/u*(-2 - 8/6)?
5
Let x be 12/15 - 68/10. Let k(q) = -2 + 0*q - 1 - q. What are the prime factors of k(x)?
3
Suppose 1282*d = 1290*d - 13600. List the prime factors of d.
2, 5, 17
Suppose 42 = 2*w + w. Suppose 0 = -w*i + i + 2912. What are the prime factors of i?
2, 7
Suppose -5*c - 14 = s - 4, -4*s - 4*c = 8. Suppose 4*t = 2*f + 341 + 767, s = -4*t - f + 1102. Suppose -t = -7*p + p. What are the prime factors of p?
2, 23
Let i(z) = -z**3 + 18*z**2 + 34*z + 49. List the prime factors of i(18).
661
Suppose 0 = -109*i + 99*i + 21570. What are the prime factors of i?
3, 719
Let m = 5185 + 690. What are the prime factors of m?
5, 47
Let x be ((-6)/21)/((-1)/7). Suppose x*s - 11 = 19. What are the prime factors of s?
3, 5
Let n(s) = -47*s - 20*s - 14 + 16*s + 4*s. What are the prime factors of n(-5)?
13, 17
Let h(b) = 58*b**2 + 3*b - 4. Let n be h(1). Suppose 55*a + 364 = n*a. What are the prime factors of a?
2, 7, 13
Let j = -14 - -410. Suppose 12 + 65 = a + 2*l, -l - j = -5*a. What are the prime factors of a?
79
Let s(d) = 29*d - 156. List the prime factors of s(6).
2, 3
Suppose -6*s - 9418 = -23*s. List the prime factors of s.
2, 277
Let r = 135 - 26. Suppose -4*m - u + 115 = 0, 3*m + u - r = -22. Let n = m + -18. What are the prime factors of n?
2, 5
Let p(r) = -r**2 - 12*r - 25. Let y be p(-17). Let q = -55 - y. List the prime factors of q.
5, 11
Let i = 2852 + -386. What are the prime factors of i?
2, 3, 137
Suppose -7 = -2*b + 3. Suppose -16 = -4*a, -4*a + b*a = 2*q. Suppose -3*h = z - 77, 44 = q*h + 4*z - 4. List the prime factors of h.
2, 13
Suppose -3245 = -3*l - 74. What are the prime factors of l?
7, 151
Let w(n) = n + 101 - 114 - 5*n**2 - n + n**3. What are the prime factors of w(7)?
5, 17
List the prime factors of (-1 - 0)*1 - -120.
7, 17
Let k be ((-33)/2)/(66/(-88)). Let l = -11 + k. List the prime factors of l.
11
List the prime factors of (-4)/20*14590/(-2).
1459
Let y be (1 - -2)/(1 - 0). Let h(x) = -9*x - 2. Let o be h(y). Let f = 61 + o. What are the prime factors of f?
2
Let j = 3 - -21. Suppose j = 2*u + 5*v, -5*v - 9 = u - 31. Suppose -13 = u*c - 3*c. List the prime factors of c.
13
Let n = -283 + 411. What are the prime factors of n?
2
Suppose 0 = 3*c + 5*w - 31, -4*w + w + 41 = 5*c. Suppose -c = m - 34. List the prime factors of m.
3
Let o(k) = 1 + 2*k**2 - 6*k + 15*k - 2*k. Let t be o(-5). Suppose t*w - 11*w = 15. What are the prime factors of w?
3
Suppose 0 = 5*t - 9*t + 12. Suppose 3*r + t*y = 8*y - 50, -5*r = -2*y + 58. Let j = 1 - r. List the prime factors of j.
11
Let y(a) = a**3 - 5*a**2 - 4*a + 3. Suppose -2*b + 58 = 4*z, 4*z - 44 = 2*z + 4*b. Let q = z + -10. List the prime factors of y(q).
3, 5
Let j(p) = p**3 - 9*p**2 + 11*p - 10. Let l be j(8). Suppose -4*g - 3*s + s = 30, 2*s = 4*g + 42. Let i = g + l. List the prime factors of i.
5
Let i = 739 + 503. What are the prime factors of i?
2, 3, 23
Let x be 6/(-8) + (-1215)/(-36). Let m = x - 1. Suppose p - 2*p = 4*w - 28, 2*p = 4*w + m. List the prime factors of p.
2, 5
Let y(r) = r**3 + 19*r**2 + 19*r + 2. Let p be y(-18). List the prime factors of (-40 + 25)*p/3.
2, 5
Let h = 450 + -102. List the prime factors of h.
2, 3, 29
Suppose 5*r - 5 = 30. Suppose 8*n = r*n + 18. What are the prime factors of 6/27 + 914/n?
3, 17
Suppose 298*z = 297*z + 297. List the prime factors of z.
3, 11
What are the prime factors of (-214)/(-8)*(-11 + 127)*1?
29, 107
Let q = -73 + 79. Let z(c) be the first derivative of 9*c**2/2 - 3*c + 1. What are the prime factors of z(q)?
3, 17
Let n(j) = -j**3 - 4*j**2 + 3*j - 6. Let w be ((-30)/(-12))/((-1)/2). Let u be n(w). Suppose u*m = -m + 25. What are the prime factors of m?
5
Let b be ((-12)/(-8))/(2/4). Suppose -2*h = 3*h - 45. List the prime factors of 10 - (h/b - 3).
2, 5
Let g(b) = b**2 + 2*b - 19. Let p be g(-6). Let h(f) = -12 - 4*f - p + 10*f. List the prime factors of h(11).
7
List the prime factors of -2*2 + (5 - (-1152)/6).
193
Let g(t) be the second derivative of -t**5/20 + 2*t**4/3 - 7*t**3/6 - 8*t**2 - t. List the prime factors of g(6).
2, 7
Let i = -83 + 47. Let b = 8 - i. What are the prime factors of b?
2, 11
Suppose 132*b + 2*l - 2331 = 129*b, -b - 4*l + 767 = 0. What are the prime factors of b?
19, 41
Let u(p) = 3*p**2 - 5*p - 1. What are the prime factors of u(4)?
3
Suppose 3*v = 5*j - 2039, -1229 = -5*j - 2*v + 820. What are the prime factors of j?
409
Let i(n) = -4*n**3 + 3*n**2 + 3*n. Suppose z + 4*z = -20. Let l(f) = -2*f - 10. Let w be l(z). What are the prime factors of i(w)?
2, 19
Let p = 1808 - 1028. What are the prime factors of p?
2, 3, 5, 13
Let c(p) be the first derivative of -p**3/3 + 5*p**2/2 + 6*p + 8. Let a be c(5). Let f(k) = 5*k + 1. What are the prime factors of f(a)?
31
Let s = -21 - -7. Let c = -13 - s. Let t = c - -3. List the prime factors of t.
2
Let s(i) be the first derivative of 8*i**3/3 + 2*i**2 - 16*i - 30. List the prime factors of s(-5).
2, 41
Let r = -1539 + 2860. What are the prime factors of r?
1321
Let k(y) be the first derivative of -y**4/4 + 7*y**3/3 + y**2/2 - 4*y + 11. What are the prime factors of k(6)?
2, 19
Let z be (42 + (-2)/1)/2. Let f be ((-24)/z)/(6/(-580)). Let m = f + -67. What are the prime factors of m?
7
Suppose 5*x = -p + 9924, 5813 = 3*x + 3*p - 151. List the prime factors of x.
2, 31
Let a(c) = 100*c - 3. Let x be a(-1). Let m = x + 170. List the prime factors of m.
67
Suppose 288*f - 3*h - 773 = 283*f, 5*h + 5 = 0. What are the prime factors of f?
2, 7, 11
Let r = -8 + 12. Suppose -g = -4*y - 91, 3*y = -r*g - 0*g - 54. What are the prime factors of -2*6/4 - y?
19
Suppose -9 = 3*o, -5*f - o + 4624 = o. What are the prime factors of f?
2, 463
Let p = 2471 + -1345. List the prime factors of p.
2, 563
Let u(t) be the first derivative of -4/3*t**3 - 4*t - 5 + 2*t**2 + 1/2*t**4. What are the prime factors of u(3)?
2, 13
What are the prime factors of 133902/144 - 3/(-24)?
2, 3, 5, 31
Let z(h) = 22*h - 15. Let q be 21*(-4)/((-60)/5). What are the prime factors of z(q)?
139
List the prime factors of (-19420)/(-30) + (4/(-3))/(-2).
2, 3
Let l(y) = -y**3 - 17*y**2 + 18*y - 6. Let z be l(-18). Suppose 96 = -3*b + b. List the prime factors of z/(-8)*b/(-2).
2, 3
What are the prime factors of 2/(7 + (-16300)/2330)?
2, 233
Let x(d) = 10*d - 18. List the prime factors of x(44).
2, 211
Suppose -5*v = 2*b, -5*b = -b - v - 22. Suppose x + 311 = b*x - 5*s, 3*x = 